39950 a multiple of 311?
True
Is 3792780 a multiple of 64?
False
Is 25 a factor of 1216975?
True
Is 14 a factor of 236295?
False
Is 8528186 a multiple of 34?
True
Is 3586660 a multiple of 44?
True
Is 37711636 a multiple of 18?
False
Is 17 a factor of 709393?
True
Is 426 a factor of 345912?
True
Is 95 a factor of 78850?
True
Is 167 a factor of 358718?
False
Does 8 divide 496?
True
Does 1788 divide 24567120?
True
Is 14342 a multiple of 95?
False
Is 289170 a multiple of 63?
True
Is 13784 a multiple of 8?
True
Is 2111946 a multiple of 129?
False
Does 6 divide 13818?
True
Is 36 a factor of 143784?
True
Is 6 a factor of 32107?
False
Is 885600 a multiple of 369?
True
Is 10 a factor of 4490142?
False
Does 277 divide 10809829?
False
Is 319704 a multiple of 462?
True
Is 5339403 a multiple of 39?
False
Is 71786 a multiple of 22?
True
Is 299 a factor of 593945?
False
Is 69 a factor of 26151?
True
Is 5 a factor of 371415?
True
Does 175 divide 2186091?
False
Does 27 divide 695196?
True
Is 8 a factor of 27136?
True
Is 77 a factor of 11369149?
False
Does 157 divide 509559?
False
Is 462192 a multiple of 48?
True
Does 448 divide 1213632?
True
Is 13 a factor of 2559867?
False
Is 11136846 a multiple of 15?
False
Is 31779 a multiple of 51?
False
Is 1189689 a multiple of 250?
False
Is 920493 a multiple of 2307?
True
Is 348600 a multiple of 420?
True
Is 132481 a multiple of 24?
False
Is 10860 a multiple of 60?
True
Is 35 a factor of 1059485?
True
Does 138 divide 249504?
True
Is 47 a factor of 64679?
False
Is 13 a factor of 240832?
False
Is 14022 a multiple of 57?
True
Is 92600 a multiple of 71?
False
Is 4890575 a multiple of 53?
True
Is 7836 a multiple of 12?
True
Is 87 a factor of 160167?
True
Does 12 divide 1563047?
False
Does 903 divide 111972?
True
Is 14113621 a multiple of 30?
False
Does 162 divide 11301555?
False
Is 215061 a multiple of 283?
False
Does 6 divide 12576?
True
Does 17 divide 17000?
True
Is 10 a factor of 367350?
True
Does 25 divide 15529350?
True
Is 397888 a multiple of 16?
True
Is 2029338 a multiple of 9?
True
Is 73 a factor of 5986?
True
Is 5423935 a multiple of 87?
False
Does 166 divide 151027?
False
Is 5521 a multiple of 9?
False
Is 78 a factor of 4854408?
True
Is 2360259 a multiple of 4?
False
Is 242150 a multiple of 50?
True
Is 350013 a multiple of 17?
True
Does 8 divide 604949?
False
Does 8 divide 204800?
True
Is 294 a factor of 5757402?
True
Is 30024 a multiple of 9?
True
Does 402 divide 143670?
False
Is 51 a factor of 479200?
False
Does 326 divide 1220870?
True
Does 114 divide 1834830?
True
Is 9 a factor of 16084?
False
Is 39678 a multiple of 13?
False
Is 9320 a multiple of 172?
False
Does 298 divide 562499?
False
Is 1305 a factor of 2381689?
False
Is 293847 a multiple of 48?
False
Is 1374030 a multiple of 63?
True
Is 685070 a multiple of 1053?
False
Does 14 divide 415534?
True
Does 13 divide 104841?
False
Is 469343 a multiple of 484?
False
Is 353224 a multiple of 4?
True
Does 11 divide 207889?
True
Is 13785 a multiple of 15?
True
Is 594891 a multiple of 19?
False
Does 16 divide 255831?
False
Does 317 divide 3271367?
False
Does 49 divide 5171075?
False
Is 1212434 a multiple of 22?
False
Is 13 a factor of 1181?
False
Does 49 divide 2604686?
False
Is 17 a factor of 233517?
False
Is 267605 a multiple of 27?
False
Does 46 divide 187290?
False
Is 46 a factor of 46690?
True
Does 468 divide 585000?
True
Is 4824 a multiple of 8?
True
Is 1079866 a multiple of 114?
False
Is 3347586 a multiple of 106?
True
Does 6 divide 62624?
False
Is 428735 a multiple of 93?
False
Does 38 divide 1377837?
False
Is 179504 a multiple of 53?
False
Is 6 a factor of 265320?
True
Is 131450 a multiple of 65?
False
Does 44 divide 303752?
False
Does 10 divide 501910?
True
Is 20 a factor of 776040?
True
Is 28 a factor of 124031?
False
Is 25 a factor of 3339732?
False
Is 37 a factor of 12496824?
True
Does 74 divide 575193?
False
Is 56397 a multiple of 45?
False
Is 170 a factor of 4385401?
False
Is 467 a factor of 15024791?
True
Is 532346 a multiple of 187?
False
Is 11 a factor of 1766655?
True
Is 75000 a multiple of 12?
True
Is 1780282 a multiple of 24?
False
Is 48 a factor of 4593709?
False
Does 16 divide 1472?
True
Does 119 divide 960330?
True
Does 134 divide 137752?
True
Is 10 a factor of 730848?
False
Is 1416694 a multiple of 240?
False
Is 67 a factor of 5711?
False
Does 238 divide 218960?
True
Is 80972 a multiple of 62?
True
Is 61 a factor of 58199?
False
Does 21 divide 46998?
True
Is 380 a factor of 5189769?
False
Does 257 divide 2051323?
False
Is 28971212 a multiple of 32?
False
Is 231137 a multiple of 14?
False
Is 275 a factor of 111413?
False
Is 12488 a multiple of 8?
True
Is 101 a factor of 1415622?
False
Does 431 divide 3584219?
False
Does 11 divide 25136?
False
Is 1817559 a multiple of 1181?
True
Is 22 a factor of 8514271?
False
Is 13 a factor of 9847?
False
Does 40 divide 4400?
True
Does 178 divide 2895803?
False
Does 2 divide 4233?
False
Is 12 a factor of 13113?
False
Is 129262 a multiple of 14?
True
Does 22 divide 10032?
True
Is 21 a factor of 491480?
False
Does 7 divide 2736622?
True
Is 559932 a multiple of 87?
True
Is 42140 a multiple of 14?
True
Is 958017 a multiple of 18?
False
Does 76 divide 271928?
True
Is 50118 a multiple of 2?
True
Does 35 divide 9105715?
False
Is 11468 a multiple of 61?
True
Does 94 divide 750298?
False
Does 34 divide 295462?
False
Does 7 divide 184128?
True
Is 36 a factor of 9319?
False
Does 9 divide 208450?
False
Does 33 divide 22011?
True
Is 4385076 a multiple of 249?
False
Is 92536 a multiple of 121?
False
Is 791 a factor of 1142441?
False
Does 147 divide 412776?
True
Is 11 a factor of 3280440?
False
Is 140148 a multiple of 34?
True
Does 309 divide 152646?
True
Is 157 a factor of 2511933?
False
Does 34 divide 915484?
True
Does 26 divide 1945996?
True
Is 10 a factor of 943826?
False
Is 3870118 a multiple of 707?
True
Is 256 a factor of 1682372?
False
Is 3346103 a multiple of 15?
False
Does 34 divide 109966?
False
Is 19895061 a multiple of 864?
False
Does 43 divide 163472?
False
Is 1301956 a multiple of 76?
True
Does 8 divide 399409?
False
Does 25 divide 147173?
False
Is 27 a factor of 593028?
True
Is 3 a factor of 79962?
True
Is 4077972 a multiple of 61?
True
Is 82 a factor of 2749460?
True
Does 627 divide 4323792?
True
Is 13 a factor of 264667?
True
Does 132 divide 4026907?
False
Does 37 divide 392977?
True
Is 263446 a multiple of 839?
True
Is 36 a factor of 262112?
False
Is 142 a factor of 40351?
False
Does 14 divide 86520?
True
Is 114330 a multiple of 206?
True
Is 213 a factor of 6284352?
True
Does 6 divide 531558?
True
Is 10 a factor of 344792?
False
Is 1134106 a multiple of 290?
False
Is 8755065 a multiple of 165?
True
Does 22 divide 139106?
True
Is 26 a factor of 20109?
False
Is 23 a factor of 324024?
True
Does 200 divide 218600?
True
Is 368803 a multiple of 368?
False
Is 103 a factor of 147099?
False
Is 13 a factor of 117559?
True
Is 953836 a multiple of 221?
True
Does 47 divide 3711214?
True
Does 6 divide 72408?
True
Does 622 divide 6138901?
False
Does 41 divide 7954?
True
Is 6 a factor of 8267730?
True
Does 6 divide 513022?
False
Does 13 divide 654890?
False
Is 552 a factor of 1644408?
True
Does 346 divide 769720?
False
Is 5523 a multiple of 63?
False
Is 135698 a multiple of 19?
True
Does 71 divide 8576393?
False
Does 17 divide 9629123?
True
Does 54 divide 2564082?
True
Is 5852984 a multiple of 115?
False
Is 58697 a multiple of 79?
True
Is 492171 a multiple of 10?
False
Is 95 a factor of 387600?
True
Is 5765552 a multiple of 54?
False
Does 622 divide 1815618?
True
Is 30 a factor of 1305930?
True
Does 54 divide 1051650?
True
Does 9 divide 364419?
True
Is 3919113 a multiple of 20?
False
Is 211070 a multiple of 327?
False
Does 135 divide 144806?
False
Does 39 divide 1088933?
False
Does 34 divide 291108?
True
Is 8 a factor of 435320?
True
Does 172 divide 1984364?
True
Is 42 a factor of 3414755?
False
Is 1637734 a multiple of 8?
False
Does 418 divide 22154418?
True
Does 77 divide 424886?
True
Does 11 divide 73210?
False
Is 30 a factor of 632820?
True
Is 296 a factor of 10843368?
True
Does 37 divide 6067704?
True
Does 10 divide 403070?
True
Does 11 divide 1474388?
False
Does 162 divide 3136046?
False
Is 36 a factor of 687024